{"id":632,"date":"2025-08-20T16:14:58","date_gmt":"2025-08-20T14:14:58","guid":{"rendered":"https:\/\/new.kidl.org.pl\/?page_id=632"},"modified":"2025-08-20T16:49:18","modified_gmt":"2025-08-20T14:49:18","slug":"aktualizacja-danych-w-rejestrze-diagnostow-laboratoryjnych","status":"publish","type":"page","link":"https:\/\/new.kidl.org.pl\/?page_id=632","title":{"rendered":"Aktualizacja Danych w Rejestrze Diagnost\u00f3w Laboratoryjnych"},"content":{"rendered":"\n<figure class=\"wp-block-pullquote gtfy-1\"><blockquote><p><strong>I. JAKIE DANE PODLEGAJ\u0104 AKTUALIZACJI W REJESTRZE DIAGNOST\u00d3W LABORATORYJNYCH<\/strong><br><strong>II. JAKIE INFORMACJE NALE\u017bY PRZES\u0141A\u0106 DO BIURA KIDL<\/strong><br><strong>III. W JAKIEJ FORMIE NALE\u017bY PRZES\u0141A\u0106 AKTUALIZACJ\u0118 DANYCH<\/strong><\/p><\/blockquote><\/figure>\n\n\n\n<h2 class=\"wp-block-heading gtfy-5\"><strong>I. JAKIE DANE PODLEGAJ\u0104 AKTUALIZACJI W REJESTRZE DIAGNOST\u00d3W LABORATORYJNYCH<\/strong><\/h2>\n\n\n\n<p class=\"gtfy-9\">Sta\u0142a aktualizacja danych Diagnosty Laboratoryjnego w rejestrach Krajowej Rady Diagnost\u00f3w Laboratoryjnych jest obowi\u0105zkiem ustawowym, wynikaj\u0105cym z Art. 68 ust. 2 Ustawy o Medycynie Laboratoryjnej z dnia 15 wrze\u015bnia 2022 roku (UoML).<\/p>\n\n\n\n<p class=\"gtfy-13\"><em>Art. 68 ust. 3 UoML Diagnosta laboratoryjny posiadaj\u0105cy prawo wykonywania zawodu diagnosty laboratoryjnego jest obowi\u0105zany zawiadomi\u0107 Krajow\u0105 Rad\u0119 o zmianie danych, o kt\u00f3rych mowa w ust. 2 pkt 2\u20135, w terminie 30 dni od dnia zaistnienia tych zmian.<\/em><\/p>\n\n\n\n<p class=\"gtfy-17\"><strong>Dane, o kt\u00f3rych mowa w artykule 68. UoML:<\/strong><\/p>\n\n\n\n<ol class=\"wp-block-list gtfy-29\">\n<li class=\"gtfy-21 gutenify-list-item\">Imi\u0119 (imiona) i nazwisko <\/li>\n\n\n\n<li class=\"gtfy-22 gutenify-list-item\">PESEL, je\u017celi zosta\u0142 nadany, a w przypadku jego braku \u2013 dat\u0119 i miejsce urodzenia,<br>cechy dokumentu potwierdzaj\u0105cego to\u017csamo\u015b\u0107: rodzaj, numer i seri\u0119 dokumentu potwierdzaj\u0105cego to\u017csamo\u015b\u0107 oraz pa\u0144stwo jego wydania,<\/li>\n\n\n\n<li class=\"gtfy-23 gutenify-list-item\">obywatelstwo (obywatelstwa),<\/li>\n\n\n\n<li class=\"gtfy-24 gutenify-list-item\">adres miejsca zamieszkania, numer telefonu oraz adres poczty elektronicznej (je\u017celi posiada) <em><mark style=\"background-color:rgba(0, 0, 0, 0);color:#cf2e2e\" class=\"has-inline-color\">Prosimy nie korzysta\u0107 w korespondencji z Izb\u0105 s\u0142u\u017cbowych adres\u00f3w e-mail<\/mark><\/em><strong><mark style=\"background-color:rgba(0, 0, 0, 0);color:#cf2e2e\" class=\"has-inline-color\">.<\/mark><\/strong><\/li>\n\n\n\n<li class=\"gtfy-25 gutenify-list-item\">informacj\u0119 o posiadanej specjalizacji lub rozpocz\u0119tym kszta\u0142ceniu specjalizacyjnym;<\/li>\n\n\n\n<li class=\"gtfy-26 gutenify-list-item\">Dat\u0119 rozpocz\u0119cia i zako\u0144czenia zatrudnienia, stanowisko oraz miejsce wykonywania czynno\u015bci medycyny laboratoryjnej;<\/li>\n\n\n\n<li class=\"gtfy-27 gutenify-list-item\">Informacj\u0119 o dope\u0142nieniu obowi\u0105zku doskonalenia zawodowego;<\/li>\n\n\n\n<li class=\"gtfy-28 gutenify-list-item\"><s>Informacj\u0119 o prowadzeniu indywidualnej praktyki diagnosty laboratoryjnego lub udzielaniu \u015bwiadcze\u0144 zdrowotnych w ramach grupowej praktyki diagnost\u00f3w<\/s><br><\/li>\n<\/ol>\n\n\n\n<h2 class=\"wp-block-heading gtfy-33\"><strong>II. JAKIE INFORMACJE NALE\u017bY PRZES\u0141A\u0106 DO BIURA KIDL I W JAKIEJ FORMIE NALE\u017bY PRZEKAZA\u0106 DANE <\/strong><br><\/h2>\n\n\n\n<ol class=\"wp-block-list gtfy-60\">\n<li class=\"gtfy-42 gutenify-list-item\"><strong>Zmiana imienia i\/lub nazwiska, PESEL, obywatelstwo\/a <\/strong>\n<ul class=\"wp-block-list gtfy-41\">\n<li class=\"gtfy-37 gutenify-list-item\">Ksi\u0105\u017ceczka PWZDL <em><mark style=\"background-color:rgba(0, 0, 0, 0)\" class=\"has-inline-color has-lite-red-color\">lub kart\u0119 poliw\u0119glanow\u0105&#8230;<\/mark><\/em><\/li>\n\n\n\n<li class=\"gtfy-38 gutenify-list-item\"><mark style=\"background-color:rgba(0, 0, 0, 0);color:#cf2e2e\" class=\"has-inline-color\">Orygina\u0142 <\/mark>dokumentu z Urz\u0119du Stanu Cywilnego lub kopia po\u015bwiadczona notarialnie.<\/li>\n\n\n\n<li class=\"gtfy-39 gutenify-list-item\"><a href=\"https:\/\/kidl.org.pl\/file\/file\/download?id=10669\">Wype\u0142niony formularz zmiany danych osobowyc<\/a>h<\/li>\n\n\n\n<li class=\"gtfy-40 gutenify-list-item\"><em>Dokumenty nale\u017cy przes\u0142a\u0107 na adres Biura KIDL.<\/em><\/li>\n<\/ul>\n<\/li>\n\n\n\n<li class=\"gtfy-46 gutenify-list-item\"><strong>Zmiana adresu zamieszkania, zatrudnienia lub danych kontaktowych<\/strong>\n<ul class=\"wp-block-list gtfy-45\">\n<li class=\"gtfy-43 gutenify-list-item\"><a href=\"https:\/\/kidl.org.pl\/file\/file\/download?id=10669\">Wype\u0142niony formularz zmiany danych osobowych<\/a><\/li>\n\n\n\n<li class=\"gtfy-44 gutenify-list-item\"><em>Podpisany skan dokumentu nale\u017cy przes\u0142a\u0107 drog\u0105 elektroniczn\u0105 na adres <mark style=\"background-color:rgba(0, 0, 0, 0);color:#cf2e2e\" class=\"has-inline-color\">biuro@kidl.org.pl <\/mark>lub na Elektroniczn\u0105 Skrzynk\u0119 Podawcz\u0105.<\/em><\/li>\n<\/ul>\n<\/li>\n\n\n\n<li class=\"gtfy-52 gutenify-list-item\"><strong>Specjalizacje<\/strong>\n<ul class=\"wp-block-list gtfy-51\">\n<li class=\"gtfy-47 gutenify-list-item\">Rozpocz\u0119cie szkolenia specjalizacyjnego &#8211; Podpisane elektronicznie za\u015bwiadczenie z uczelni realizuj\u0105cej szkolenie specjalizacyjne.<\/li>\n\n\n\n<li class=\"gtfy-48 gutenify-list-item\"><em>Przes\u0142anie poczt\u0105 elektroniczn\u0105 na adres biuro@kidl.org.pl lub na Elektroniczn\u0105 Skrzynk\u0119 Podawcz\u0105<\/em>.<\/li>\n\n\n\n<li class=\"gtfy-49 gutenify-list-item\">Zako\u0144czenie szkolenia specjalizacyjnego &#8211; Dyplom uzyskania tytu\u0142u specjalisty (kopia po\u015bwiadczona notarialnie).<\/li>\n\n\n\n<li class=\"gtfy-50 gutenify-list-item\"><em>Dokument nale\u017cy przes\u0142a\u0107 poczt\u0105 tradycyjn\u0105 na adres biura KIDL.<\/em><\/li>\n<\/ul>\n<\/li>\n\n\n\n<li class=\"gtfy-56 gutenify-list-item\"><strong>Informacja o dope\u0142nieniu obowi\u0105zku doskonalenia zawodowego<\/strong>\n<ul class=\"wp-block-list gtfy-55\">\n<li class=\"gtfy-53 gutenify-list-item\">Komplet dokument\u00f3w &#8211; Karta ci\u0105g\u0142ego szkolenia oraz dokumenty potwierdzaj\u0105ce uzyskanie punkt\u00f3w edukacyjnych, nale\u017cy <em>przes\u0142a\u0107 poczt\u0105 tradycyjn\u0105 na adres biura KIDL.<\/em> <\/li>\n\n\n\n<li class=\"gtfy-54 gutenify-list-item\">Elektroniczn\u0105 wersj\u0119 karty wraz z plikami za\u015bwiadcze\u0144 w za\u0142\u0105czeniu nale\u017cy przes\u0142a\u0107 na adres biuro@kidl.org.pl (prosimy o kompresj\u0119 plik\u00f3w do formatu .zip lub .7z.<\/li>\n<\/ul>\n<\/li>\n\n\n\n<li class=\"gtfy-59 gutenify-list-item\"><strong>Informacja o prowadzeniu indywidualnej praktyki diagnosty laboratoryjnego lub udzielaniu \u015bwiadcze\u0144 zdrowotnych w ramach grupowej praktyki diagnost\u00f3w.<\/strong>\n<ul class=\"wp-block-list gtfy-58\">\n<li class=\"gtfy-57 gutenify-list-item\"><em>Realizowane przez platform\u0119 Rejestr Podmiot\u00f3w Wykonuj\u0105cych Dzia\u0142alno\u015b\u0107 Lecznicz\u0105 (RPWDL 2.0).<\/em><\/li>\n<\/ul>\n<\/li>\n<\/ol>\n\n\n\n<hr class=\"wp-block-separator has-alpha-channel-opacity gtfy-64\"\/>\n\n\n\n<p class=\"gtfy-68\"><strong>Zalecan\u0105 i bezkosztow\u0105 form\u0105 przekazania danych wymagaj\u0105cych potwierdzenia (np. aktualizacja i potwierdzenie nazwiska, miejsca pracy, czy posiadanej specjalizacji) jest skan oryginalnych dokument\u00f3w i przekazanie ich dodatkowo podpisan\u0105 wiadomo\u015bci\u0105 przez ePUAP.<\/strong><\/p>\n\n\n\n<p class=\"gtfy-72\"><\/p>\n","protected":false},"excerpt":{"rendered":"<p>I. JAKIE DANE PODLEGAJ\u0104 AKTUALIZACJI W REJESTRZE DIAGNOST\u00d3W LABORATORYJNYCHII. JAKIE INFORMACJE NALE\u017bY PRZES\u0141A\u0106 DO BIURA [&hellip;]<\/p>\n","protected":false},"author":1,"featured_media":0,"parent":0,"menu_order":0,"comment_status":"closed","ping_status":"closed","template":"","meta":{"footnotes":""},"class_list":["post-632","page","type-page","status-publish","hentry"],"_links":{"self":[{"href":"https:\/\/new.kidl.org.pl\/index.php?rest_route=\/wp\/v2\/pages\/632","targetHints":{"allow":["GET"]}}],"collection":[{"href":"https:\/\/new.kidl.org.pl\/index.php?rest_route=\/wp\/v2\/pages"}],"about":[{"href":"https:\/\/new.kidl.org.pl\/index.php?rest_route=\/wp\/v2\/types\/page"}],"author":[{"embeddable":true,"href":"https:\/\/new.kidl.org.pl\/index.php?rest_route=\/wp\/v2\/users\/1"}],"replies":[{"embeddable":true,"href":"https:\/\/new.kidl.org.pl\/index.php?rest_route=%2Fwp%2Fv2%2Fcomments&post=632"}],"version-history":[{"count":2,"href":"https:\/\/new.kidl.org.pl\/index.php?rest_route=\/wp\/v2\/pages\/632\/revisions"}],"predecessor-version":[{"id":651,"href":"https:\/\/new.kidl.org.pl\/index.php?rest_route=\/wp\/v2\/pages\/632\/revisions\/651"}],"wp:attachment":[{"href":"https:\/\/new.kidl.org.pl\/index.php?rest_route=%2Fwp%2Fv2%2Fmedia&parent=632"}],"curies":[{"name":"wp","href":"https:\/\/api.w.org\/{rel}","templated":true}]}}