{"id":411,"date":"2023-09-22T09:55:10","date_gmt":"2023-09-22T09:55:10","guid":{"rendered":"https:\/\/diagnoscilaboratoryjni.pl\/?page_id=411"},"modified":"2025-10-06T16:47:42","modified_gmt":"2025-10-06T14:47:42","slug":"kontakt","status":"publish","type":"page","link":"https:\/\/new.kidl.org.pl\/?page_id=411","title":{"rendered":"Kontakt"},"content":{"rendered":"<h3 class=\"gtfy-1 gtfy-2 gtfy-3\" style=\"text-align: center;\"><\/h3>\n<h3 class=\"fn org\" style=\"text-align: center;\">Krajowa Izba Diagnost\u00f3w Laboratoryjnych<\/h3>\n<p class=\"fn org\" style=\"text-align: center;\"><strong>Adres:\u00a0<\/strong><span class=\"street-address\">ul. Konopacka 4<\/span>,\u00a0<span class=\"postal-code\">03-428<\/span>\u00a0<span class=\"locality\">Warszawa<br \/>\n<\/span><strong>tel.:<\/strong>\u00a0<span class=\"tel\">+48 22 741 21 55<br \/>\n<\/span><strong>e-mail:<\/strong>\u00a0<span class=\"email\"><a href=\"mailto:biuro@kidl.org.pl\">biuro@kidl.org.pl<\/a><br \/>\n<\/span><strong>Elektroniczna skrzynka podawcza ePUAP:<\/strong> \/KIDL\/kancelaria<\/p>\n<p style=\"text-align: center;\"><strong>Biuro czynne w godzinach:\u00a0<\/strong>8:00 &#8211; 16:00<\/p>\n<p style=\"text-align: center;\"><strong>NIP<\/strong>\u00a0<span class=\"vat-number\">113-23-94-634<br \/>\n<\/span><strong>Numer rachunku bankowego:<\/strong> 72 1020 1042 0000 8802 0010 5692 Bank PKO BP IV Oddzia\u0142 Warszawa<\/p>\n<p style=\"text-align: center;\"><strong>Elektroniczna skrzynka podawcza e-Dor\u0119czenia:<\/strong> AE:PL-17615-55754-DFUIS-27<\/p>\n<p style=\"text-align: center;\"><strong>Recepcja tel.:<\/strong>+48 22 741 21 55<\/p>\n<p style=\"text-align: center;\"><strong>Noclegi:<\/strong> noclegi@kidl.org.pl<\/p>\n<p style=\"text-align: center;\"><strong>SEKRETARIAT BIURA<\/strong><\/p>\n<p style=\"text-align: center;\"><strong>tel.:<\/strong> +48 22 741 21 56 <strong>e-mail:<\/strong> biuro@kidl.org.pl<\/p>\n<p style=\"text-align: center;\">\n<p style=\"text-align: center;\"><strong>PREZES KRDL<\/strong> <strong>dr n. med. Monika Pintal-\u015alimak<\/strong><\/p>\n<p style=\"text-align: center;\"><strong>SEKRETARIAT PREZESA<\/strong><\/p>\n<p style=\"text-align: center;\"><strong>tel.:<\/strong> +48 22 619 66 14 <strong>e-mail:<\/strong> biuro@kidl.org.pl<\/p>\n<p style=\"text-align: center;\"><strong>DYREKTOR BIURA KIDL<\/strong><\/p>\n<p style=\"text-align: center;\"><strong>tel.:<\/strong> +48 22 741 21 56 <strong>e-mail:<\/strong> dyrektorbiura@kidl.org.pl<\/p>\n<p style=\"text-align: center;\"><strong>DZIA\u0141 MEDYCYNY LABORATORYJNEJ<\/strong><\/p>\n<p style=\"text-align: center;\"><strong>Laboratoria<\/strong> tel.: +48 22 741 21 58 e-mail: laboratoria@kidl.org.pl<\/p>\n<p style=\"text-align: center;\"><strong>Diagno\u015bci <\/strong>tel.: +48 22 618 90 27 e-mail: diagnosci2@kidl.org.pl<\/p>\n<p style=\"text-align: center;\"><strong>FUNKCJONOWANIE PORTALU DIAGNOSTY<\/strong><\/p>\n<p>W przypadku wyst\u0105pienia problem\u00f3w lub b\u0142\u0119d\u00f3w nale\u017cy opisa\u0107 zdarzenie oraz za\u0142\u0105czy\u0107 zrzuty ekranu lub zdj\u0119cia z b\u0142\u0119dem. <strong>e-mail:<\/strong> aktualizacja.diag@kidl.org.pl<\/p>\n<p><strong>DZIA\u0141 FINANS\u00d3W I SPRAW PRACOWNICZYCH<\/strong> <strong>tel.:<\/strong> +48 22 741 11 61 <strong>e-mail:<\/strong> ksiegowosc@kidl.org.pl<\/p>\n<p>Kadry e-mail: kadry@kidl.org.pl<\/p>\n<p>DZIA\u0141 SPRAW WIERZYCIELSKICH<\/p>\n<p>tel.: 22 619 65 56<\/p>\n<p>tel. kom.: 789 297 559<\/p>\n<p>Sk\u0142adki e-mail: skladki@kidl.org.pl<\/p>\n<p>Zaleg\u0142o\u015bci sk\u0142adkowe: e-mail: ms@kidl.org.pl<\/p>\n<p>INSPEKTOR OCHRONY DANYCH Maciej Grzesiuk e-mail: iod@kidl.org.pl<\/p>\n<p>DZIA\u0141 PRAWNY<\/p>\n<p>tel.: +48 22 619 65 77<\/p>\n","protected":false},"excerpt":{"rendered":"<p>Krajowa Izba Diagnost\u00f3w Laboratoryjnych Adres:\u00a0ul. Konopacka 4,\u00a003-428\u00a0Warszawa tel.:\u00a0+48 22 741 21 55 e-mail:\u00a0biuro@kidl.org.pl Elektroniczna skrzynka [&hellip;]<\/p>\n","protected":false},"author":1,"featured_media":0,"parent":0,"menu_order":0,"comment_status":"closed","ping_status":"closed","template":"","meta":{"footnotes":""},"class_list":["post-411","page","type-page","status-publish","hentry"],"_links":{"self":[{"href":"https:\/\/new.kidl.org.pl\/index.php?rest_route=\/wp\/v2\/pages\/411","targetHints":{"allow":["GET"]}}],"collection":[{"href":"https:\/\/new.kidl.org.pl\/index.php?rest_route=\/wp\/v2\/pages"}],"about":[{"href":"https:\/\/new.kidl.org.pl\/index.php?rest_route=\/wp\/v2\/types\/page"}],"author":[{"embeddable":true,"href":"https:\/\/new.kidl.org.pl\/index.php?rest_route=\/wp\/v2\/users\/1"}],"replies":[{"embeddable":true,"href":"https:\/\/new.kidl.org.pl\/index.php?rest_route=%2Fwp%2Fv2%2Fcomments&post=411"}],"version-history":[{"count":4,"href":"https:\/\/new.kidl.org.pl\/index.php?rest_route=\/wp\/v2\/pages\/411\/revisions"}],"predecessor-version":[{"id":672,"href":"https:\/\/new.kidl.org.pl\/index.php?rest_route=\/wp\/v2\/pages\/411\/revisions\/672"}],"wp:attachment":[{"href":"https:\/\/new.kidl.org.pl\/index.php?rest_route=%2Fwp%2Fv2%2Fmedia&parent=411"}],"curies":[{"name":"wp","href":"https:\/\/api.w.org\/{rel}","templated":true}]}}