{"id":260,"date":"2023-08-10T09:21:16","date_gmt":"2023-08-10T09:21:16","guid":{"rendered":"http:\/\/diagnoscilaboratoryjni.pl\/?page_id=260"},"modified":"2023-08-10T09:21:16","modified_gmt":"2023-08-10T09:21:16","slug":"wyzszy-sad-diagnostow-laboratoryjny","status":"publish","type":"page","link":"https:\/\/new.kidl.org.pl\/?page_id=260","title":{"rendered":"WY\u017bSZY S\u0104D DIAGNOST\u00d3W LABORATORYJNYCH"},"content":{"rendered":"<div class=\"personel-category__description cms-content gtfy-1 gtfy-2 gtfy-3\">\n<p>Zgodnie z ustaw\u0105 z dnia 15 wrze\u015bnia 2022 r. o medycynie laboratoryjnej (Dz. U. poz. 2280), dalej: \u201eU.M.L.\u201d, Wy\u017cszy S\u0105d Diagnost\u00f3w Laboratoryjnych rozpatruje odwo\u0142ania od orzecze\u0144 S\u0105du Diagnost\u00f3w Laboratoryjnych.<\/p>\n<p>Stronom przys\u0142uguje odwo\u0142anie do Wy\u017cszego S\u0105du Diagnost\u00f3w Laboratoryjnych w terminie 14 dni od dnia dor\u0119czenia orzeczenia. Odwo\u0142anie wnosi si\u0119 za po\u015brednictwem S\u0105du Diagnost\u00f3w Laboratoryjnych.<\/p>\n<p>Stronami w rozumieniu z art. 103 U.M.L &#8211; s\u0105 pokrzywdzony oraz diagnosta laboratoryjny, kt\u00f3rego dotyczy post\u0119powanie lub obwiniony. W post\u0119powaniu przed s\u0105dem diagnost\u00f3w laboratoryjnych stron\u0105 jest r\u00f3wnie\u017c <a href=\"\/?page_id=262\">Rzecznik Odpowiedzialno\u015bci Zawodowej<\/a>.<\/p>\n<p>Wy\u017cszy S\u0105d Diagnost\u00f3w Laboratoryjnych utrzymuje w mocy, uchyla albo zmienia orzeczenie S\u0105du Diagnost\u00f3w Laboratoryjnych wydane w pierwszej instancji. Orzeczenia Wy\u017cszego S\u0105du Diagnost\u00f3w Laboratoryjnych ko\u0144cz\u0105ce post\u0119powanie w przedmiocie odpowiedzialno\u015bci zawodowej s\u0105 prawomocne z chwil\u0105 og\u0142oszenia.<\/p>\n<p>Od prawomocnego orzeczenia Wy\u017cszego S\u0105du Diagnost\u00f3w Laboratoryjnych ko\u0144cz\u0105cego post\u0119powanie w przedmiocie odpowiedzialno\u015bci zawodowej diagnost\u00f3w laboratoryjnych stronom, Prezesowi Krajowej Rady oraz ministrowi w\u0142a\u015bciwemu do spraw zdrowia przys\u0142uguje kasacja do S\u0105du Najwy\u017cszego w terminie 2 miesi\u0119cy od dnia dor\u0119czenia tego orzeczenia. Kasacj\u0119 wnosi si\u0119 do S\u0105du Najwy\u017cszego za po\u015brednictwem Wy\u017cszego S\u0105du Diagnost\u00f3w Laboratoryjnych. Kasacj\u0119 w stosunku do tego samego obwinionego i od tego samego orzeczenia Wy\u017cszego S\u0105du Diagnost\u00f3w Laboratoryjnych ka\u017cdy uprawniony mo\u017ce wnie\u015b\u0107 tylko raz.<\/p>\n<p>Szczeg\u00f3\u0142owe zasady post\u0119powania w przedmiocie odpowiedzialno\u015bci zawodowej zosta\u0142y uregulowane w:<\/p>\n<ol>\n<li>Rozdziale 7 \u201eOdpowiedzialno\u015b\u0107 zawodowa\u201d art. 100 \u2013 141, w szczeg\u00f3lno\u015bci art. 129 &#8211; 141;<\/li>\n<li>Uchwa\u0142a Nr 35\/2022 VI Krajowego Zjazdu Diagnost\u00f3w Laboratoryjnych z dnia 16 grudnia 2022 r. w sprawie Regulaminu s\u0105du diagnost\u00f3w laboratoryjnych.<\/li>\n<\/ol>\n<\/div>\n<div class=\"personel__photo-holder\"><\/div>\n<div>\n<h2>Cz\u0142onkowie Wy\u017cszego S\u0105du Diagnost\u00f3w Laboratoryjnych VI Kadencji:<\/h2>\n<\/div>\n<div class=\"personel__ditails\">\n<ul>\n<li class=\"personel__name\">\n<h3>Beata Katarzyna Broniarek-Samson<\/h3>\n<\/li>\n<li class=\"personel__name\">\n<h3>Marcin Sebastian Kasperkiewicz<\/h3>\n<\/li>\n<li class=\"personel__name\">\n<h3>Agnieszka Ma\u0142gorzata Kudra<\/h3>\n<\/li>\n<li class=\"personel__name\">\n<h3>\u0141ukasz Mariusz Kuszel<\/h3>\n<\/li>\n<li class=\"personel__name\">\n<h3>Pawe\u0142 Leszczy\u0144ski<\/h3>\n<\/li>\n<li class=\"personel__name\">\n<h3>Ma\u0142gorzata Mazur-Laskowska<\/h3>\n<\/li>\n<li class=\"personel__name\">\n<h3>Iwona Nierzwicka<\/h3>\n<\/li>\n<li class=\"personel__name\">\n<h3>Gra\u017cyna Sygitowicz<\/h3>\n<\/li>\n<li class=\"personel__name\">\n<h3>El\u017cbieta Zofia Szyma\u0144ska<\/h3>\n<\/li>\n<li class=\"personel__name\">\n<h3>Beata \u017belazowska-Rutkowska<\/h3>\n<\/li>\n<\/ul>\n<\/div>\n","protected":false},"excerpt":{"rendered":"<p>Zgodnie z ustaw\u0105 z dnia 15 wrze\u015bnia 2022 r. o medycynie laboratoryjnej (Dz. U. poz. [&hellip;]<\/p>\n","protected":false},"author":1,"featured_media":0,"parent":0,"menu_order":0,"comment_status":"closed","ping_status":"closed","template":"","meta":{"footnotes":""},"class_list":["post-260","page","type-page","status-publish","hentry"],"_links":{"self":[{"href":"https:\/\/new.kidl.org.pl\/index.php?rest_route=\/wp\/v2\/pages\/260","targetHints":{"allow":["GET"]}}],"collection":[{"href":"https:\/\/new.kidl.org.pl\/index.php?rest_route=\/wp\/v2\/pages"}],"about":[{"href":"https:\/\/new.kidl.org.pl\/index.php?rest_route=\/wp\/v2\/types\/page"}],"author":[{"embeddable":true,"href":"https:\/\/new.kidl.org.pl\/index.php?rest_route=\/wp\/v2\/users\/1"}],"replies":[{"embeddable":true,"href":"https:\/\/new.kidl.org.pl\/index.php?rest_route=%2Fwp%2Fv2%2Fcomments&post=260"}],"version-history":[{"count":0,"href":"https:\/\/new.kidl.org.pl\/index.php?rest_route=\/wp\/v2\/pages\/260\/revisions"}],"wp:attachment":[{"href":"https:\/\/new.kidl.org.pl\/index.php?rest_route=%2Fwp%2Fv2%2Fmedia&parent=260"}],"curies":[{"name":"wp","href":"https:\/\/api.w.org\/{rel}","templated":true}]}}