{"id":1648,"date":"2026-09-05T02:42:15","date_gmt":"2026-09-05T00:42:15","guid":{"rendered":"https:\/\/new.kidl.org.pl\/?page_id=1648"},"modified":"2026-09-05T02:48:37","modified_gmt":"2026-09-05T00:48:37","slug":"projekt-kompendium","status":"publish","type":"page","link":"https:\/\/new.kidl.org.pl\/?page_id=1648","title":{"rendered":"Projekt KompendiUM"},"content":{"rendered":"\n<figure class=\"wp-block-image alignfull size-large gtfy-1\"><img loading=\"lazy\" decoding=\"async\" width=\"1024\" height=\"141\" src=\"https:\/\/new.kidl.org.pl\/wp-content\/uploads\/2026\/09\/image-4-1024x141.png\" alt=\"\" class=\"wp-image-1651\" srcset=\"https:\/\/new.kidl.org.pl\/wp-content\/uploads\/2026\/09\/image-4-1024x141.png 1024w, https:\/\/new.kidl.org.pl\/wp-content\/uploads\/2026\/09\/image-4-300x41.png 300w, https:\/\/new.kidl.org.pl\/wp-content\/uploads\/2026\/09\/image-4-761x105.png 761w, https:\/\/new.kidl.org.pl\/wp-content\/uploads\/2026\/09\/image-4-1536x212.png 1536w, https:\/\/new.kidl.org.pl\/wp-content\/uploads\/2026\/09\/image-4-2048x282-1.png 2048w\" sizes=\"auto, (max-width: 1024px) 100vw, 1024px\" \/><\/figure>\n\n\n\n<div class=\"wp-block-group alignfull is-layout-constrained wp-block-group-is-layout-constrained gtfy-21\">\n<p class=\"gtfy-5 wp-block-paragraph\"><em>Projekt \u201eKompendiUM\u201d \u2013 wysokospecjalistyczny program rozwoju kompetencji os\u00f3b doros\u0142ych w obszarach strategicznych\u201d w ramach programu Fundusze Europejskie dla Rozwoju Spo\u0142ecznego 2021-2027 wsp\u00f3\u0142finansowanego ze \u015brodk\u00f3w Europejskiego Funduszu Spo\u0142ecznego Plus, umowa nr FERS.01.05-IP.08-0520\/23-00<\/em><\/p>\n\n\n\n<p class=\"gtfy-6 wp-block-paragraph\"><strong>TYTU\u0141 PROJEKTU<\/strong><br>\u201eKompendiUM &#8211; wysokospecjalistyczny program rozwoju kompetencji os\u00f3b doros\u0142ych w obszarach strategicznych\u201d<br><br><strong>DANE PROJEKTU<\/strong><br>Numer umowy: FERS.01.05-IP.08-0520\/23-00<br>Okres realizacji: 2024-09-01 &#8211; 2027-08-31<br>Warto\u015b\u0107 projektu: 4 717 798,27<br>Warto\u015b\u0107 dofinansowania: 4 576 258,27 z\u0142<br><br><\/p>\n\n\n\n<p class=\"gtfy-7 wp-block-paragraph\"><strong>CEL G\u0141\u00d3WNY<\/strong><br>Celem g\u0142\u00f3wnym Projektu podniesienie kompetencji w obszarach kluczowych dla 1000 os\u00f3b przez realizacj\u0119 wysokospecjalistycznych szkole\u0144.<br><\/p>\n\n\n\n<p class=\"gtfy-8 wp-block-paragraph\"><strong>OPIS PROJEKTU<\/strong><br>Beneficjent \u2013 Uniwersytet Medyczny w \u0141odzi, ul. Aleja T. Ko\u015bciuszki 4, 90-417 \u0141\u00f3d\u017a;<br>Partnerzy Projektu:<br>Partner nr 1. Wojew\u00f3dzki Urz\u0105d Pracy w \u0141odzi, ul. W\u00f3lcza\u0144ska 49, 90-608 \u0141\u00f3d\u017a,<br><strong>Partner nr 2. Krajowa Izba Diagnost\u00f3w Laboratoryjnych, ul. Konopacka 4, 03-428 Warszawa,<\/strong><br>Partner 3. Regionalna Izba Gospodarcza w Be\u0142chatowie, ul. Ko\u015bciuszki 15, 97-400 Be\u0142chat\u00f3w,<br>Partner 4. Falck Medycyna Sp. z o. o. (w Konsorcjum z INDORO), ul. Jana Olbrachta 94, 01-102 Warszawa,<br>Partner 5. Zwi\u0105zek Pracodawc\u00f3w Firm Innowacyjnych, doradczych i rozwojowych \u201eINDORO\u201d (w Konsorcjum z Falck Medycyna Sp. z o. o.) ul. Pa\u0144ska 98\/60, 00-837 Warszawa<br><\/p>\n\n\n\n<p class=\"gtfy-9 wp-block-paragraph\">Cele szczeg\u00f3\u0142owe projektu:<br>1. podniesienie kompetencji personelu medycznego, kadry akademickiej, diagnost\u00f3w labolatoryjnych, kadra zarz\u0105dzaj\u0105ca jednostkami ochrony zdrowia oraz osoby zainteresowane udzia\u0142em w proj.<br>2. intensyfikacja wsp\u00f3\u0142pracy wymiany do\u015bwiadcze\u0144 mi\u0119dzy uczestnikami systemu ochrony zdrowia,<br>3. intensyfikacja wsp\u00f3\u0142pracy z podmiotami zrzeszaj\u0105cymi pracodawc\u00f3w,<br>4. wzrost kompetencji uczestnik\u00f3w projektu zgodnych z Euro. Standard\u00f3w Kszta\u0142cenia(WHO i ERC).<br><\/p>\n\n\n\n<p class=\"gtfy-10 wp-block-paragraph\">Warto\u015b\u0107 dodana:<br>Zostanie opracowany innowacyjny model szkolenia wzbogacaj\u0105cy ofert\u0119 Uniwersytetu Medycznego w \u0141odzi dostosowany do potrzeb spo\u0142eczno-gospodarczych przy udziale partner\u00f3w zrzeszaj\u0105cych pracodawc\u00f3w i instytucji EU.<br><\/p>\n\n\n\n<p class=\"gtfy-11 wp-block-paragraph\"><strong>GRUPA DOCELOWA<\/strong><br>Uczestnikami mog\u0105 by\u0107 osoby doros\u0142e, kt\u00f3re w momencie przyst\u0105pienia do Projektu osi\u0105gn\u0119\u0142y wiek 18-64 lata, niezale\u017cnie od p\u0142ci, kt\u00f3re z w\u0142asnej inicjatywy zainteresowane sia rozwojem kompetencji, aby lepiej dostosowa\u0107 je do potrzeb i oczekiwa\u0144 pracodawc\u00f3w i rynku pracy, spe\u0142niaj\u0105ce jedne z warunk\u00f3w poni\u017cej:<br>a) s\u0105 pracownikami podmiot\u00f3w leczniczych \u015bwiadcz\u0105cych podstawow\u0105 opiek\u0119 zdrowotn\u0105,<br>b) s\u0105 personelem medyczny,<br>c) s\u0105 kadr\u0105 akademicka,<br>d) s\u0105 kadr\u0105 zarz\u0105dzaj\u0105ca jednostkami ochrony zdrowia,<br>e) s\u0105 zainteresowane udzia\u0142em w projekcie chc\u0105ce przekwalifikowa\u0107 si\u0119, podnie\u015b\u0107 kwalifikacje, uzyska\u0107 lepsze efekty pracy z pacjentami i zaktualizowa\u0107 swoj\u0105 wiedz\u0119.<br><\/p>\n\n\n\n<p class=\"gtfy-12 wp-block-paragraph\"><strong>PLANOWANE SZKOLENIA Z PODZIA\u0141EM NA ORGANIZATOR\u00d3W<\/strong><br><\/p>\n\n\n\n<ul class=\"wp-block-list gtfy-18\">\n<li class=\"gtfy-13 gutenify-list-item\">Uniwersytet Medyczny w \u0141odzi<br>\u2022 ALS- Zaawansowane czynno\u015bci resuscytacyjne doros\u0142ych.<br>\u2022 EPALS &#8211; Zaawansowane czynno\u015bci resuscytacyjne dzieci.<br>\u2022 NLS &#8211; Resuscytacja noworodk\u00f3w bezpo\u015brednio po urodzeniu.<br>\u2022 ETC- kurs urazowy.<br>\u2022 ETC- kurs urazowy in-situ.<br>\u2022 Szkolenie z post\u0119powania w stanach zagro\u017cenia \u017cycia &#8211; zarz\u0105dzanie w sytuacjach kryzysowych.<br>\u2022 Szkolenie z post\u0119powania w stanach zagro\u017cenia \u017cycia &#8211; zarz\u0105dzanie w sytuacjach kryzysowych in-situ.<br>\u2022 Stany zagro\u017cenia \u017cycia dla Zespo\u0142\u00f3w Ratownictwa Medycznego.<br>\u2022 Stany zagro\u017cenia \u017cycia w gabinecie stomatologicznym.<br>\u2022 Symulacja medyczna.<br>\u2022 Stany zagro\u017cenia \u017cycia w gabinecie POZ, specjalistycznym i prywatnym.<br>\u2022 Analiza i wizualizacja danych medycznych.<br>\u2022 Kurs specjalizacyjny trener e-rehabilitacji wirtualnej\/telerehabilitacji.<br>\u2022 Podstawy metodyki nauczania w naukach biomedycznych.<br>\u2022 Podstawy metodyki nauczania w naukach biomedycznych &#8211; Master Class.<br><\/li>\n\n\n\n<li class=\"gtfy-14 gutenify-list-item\">Krajowa Izba Diagnost\u00f3w Laboratoryjnych<br>\u2022 Szkolenie z zakresu zasob\u00f3w s\u0142ownika LOINC &#8211; modu\u0142 zaj\u0119\u0107 teoretycznych.<br>\u2022 Szkolenie z zakresu zasob\u00f3w s\u0142ownika LOINC &#8211; modu\u0142 zaj\u0119\u0107 praktycznych.<br>\u2022 Szkolenie z zakresu zasob\u00f3w s\u0142ownika LOINC &#8211; modu\u0142 samodzielnej pracy na platformie.<br><\/li>\n\n\n\n<li class=\"gtfy-15 gutenify-list-item\">Falck Medycyna Sp. Z o. o.:<br>\u2022 Tamowanie krwotok\u00f3w.<br>\u2022 Trudne drogi oddechowe.<br>\u2022 B\u0105d\u017a bezpieczny w czasie pokoju i zagro\u017cenia.<br>\u2022 EKG w medycynie stan\u00f3w nag\u0142ych.<br>\u2022 Kurs pierwszej pomocy.<br><\/li>\n\n\n\n<li class=\"gtfy-16 gutenify-list-item\">Zwi\u0105zek Pracodawc\u00f3w Firm Innowacyjnych, doradczych i rozwojowych \u201eINDORO\u201d:<br>\u2022 Dostosowanie opieki plac\u00f3wki dla os\u00f3b z niepe\u0142nosprawno\u015bciami.<br>\u2022 Opieka nad seniorami: aspekty medyczne i komunikacyjne.<br>\u2022 Efektywna komunikacja z pacjentami ze szczeg\u00f3lnymi potrzebami.<br>\u2022 Zarz\u0105dzanie dost\u0119pno\u015bci\u0105 w plac\u00f3wkach ochrony zdrowia.<br><\/li>\n\n\n\n<li class=\"gtfy-17 gutenify-list-item\">Wojew\u00f3dzki Urz\u0105d Pracy w \u0141odzi:<br>\u2022 Coaching Life Long Learning<br><\/li>\n<\/ul>\n\n\n\n<p class=\"gtfy-19 wp-block-paragraph\"><strong>OSOBY REALIZUJ\u0104CE PROJEKT<\/strong><br><br>&#8211; Kierownik Projektu: Jaros\u0142aw Horodecki&nbsp;<\/p>\n\n\n\n<p class=\"gtfy-20 wp-block-paragraph\">Komitet Steruj\u0105cy:<br>&#8211; Sponsor &#8211; mgr Ma\u0142gorzata Politowska-Iwaszko<br>&#8211; Wizjoner Strategiczny &#8211; prof. dr hab. n.med. Jolanta Kujawa<br>&#8211; G\u0142\u00f3wny Dostawca &#8211; prof. dr hab. n.farm. Ewa Balcerczak<\/p>\n<\/div>\n\n\n\n<p class=\"alignfull gtfy-25 wp-block-paragraph\"><\/p>\n","protected":false},"excerpt":{"rendered":"<p>Projekt \u201eKompendiUM\u201d \u2013 wysokospecjalistyczny program rozwoju kompetencji os\u00f3b doros\u0142ych w obszarach strategicznych\u201d w ramach programu [&hellip;]<\/p>\n","protected":false},"author":1,"featured_media":0,"parent":0,"menu_order":0,"comment_status":"closed","ping_status":"closed","template":"","meta":{"_gutenify_countdown_timer_type":"fixed","_gutenify_countdown_timer_evergreen_hours":24,"_gutenify_countdown_timer_evergreen_minutes":0,"_gutenify_countdown_timer_date":"","_gutenify_countdown_timer_timezone":"US\/Eastern","_gutenify_countdown_timer_end_action":"none","_gutenify_countdown_timer_hide_selector":"","_gutenify_countdown_timer_redirect_url":"","ngg_post_thumbnail":0,"footnotes":""},"class_list":["post-1648","page","type-page","status-publish","hentry"],"featured_image_src":null,"_links":{"self":[{"href":"https:\/\/new.kidl.org.pl\/index.php?rest_route=\/wp\/v2\/pages\/1648","targetHints":{"allow":["GET"]}}],"collection":[{"href":"https:\/\/new.kidl.org.pl\/index.php?rest_route=\/wp\/v2\/pages"}],"about":[{"href":"https:\/\/new.kidl.org.pl\/index.php?rest_route=\/wp\/v2\/types\/page"}],"author":[{"embeddable":true,"href":"https:\/\/new.kidl.org.pl\/index.php?rest_route=\/wp\/v2\/users\/1"}],"replies":[{"embeddable":true,"href":"https:\/\/new.kidl.org.pl\/index.php?rest_route=%2Fwp%2Fv2%2Fcomments&post=1648"}],"version-history":[{"count":5,"href":"https:\/\/new.kidl.org.pl\/index.php?rest_route=\/wp\/v2\/pages\/1648\/revisions"}],"predecessor-version":[{"id":1657,"href":"https:\/\/new.kidl.org.pl\/index.php?rest_route=\/wp\/v2\/pages\/1648\/revisions\/1657"}],"wp:attachment":[{"href":"https:\/\/new.kidl.org.pl\/index.php?rest_route=%2Fwp%2Fv2%2Fmedia&parent=1648"}],"curies":[{"name":"wp","href":"https:\/\/api.w.org\/{rel}","templated":true}]}}

<figure class="wp-block-image alignfull size-large gtfy-1"><img loading="lazy" decoding="async" width="1024" height="141" src="https://new.kidl.org.pl/wp-content/uploads/2026/09/image-4-1024x141.png" alt="" class="wp-image-1651" srcset="https://new.kidl.org.pl/wp-content/uploads/2026/09/image-4-1024x141.png 1024w, https://new.kidl.org.pl/wp-content/uploads/2026/09/image-4-300x41.png 300w, https://new.kidl.org.pl/wp-content/uploads/2026/09/image-4-761x105.png 761w, https://new.kidl.org.pl/wp-content/uploads/2026/09/image-4-1536x212.png 1536w, https://new.kidl.org.pl/wp-content/uploads/2026/09/image-4-2048x282-1.png 2048w" sizes="auto, (max-width: 1024px) 100vw, 1024px" /></figure>



<div class="wp-block-group alignfull is-layout-constrained wp-block-group-is-layout-constrained gtfy-21">
<p class="gtfy-5 wp-block-paragraph"><em>Projekt „KompendiUM” – wysokospecjalistyczny program rozwoju kompetencji osób dorosłych w obszarach strategicznych” w ramach programu Fundusze Europejskie dla Rozwoju Społecznego 2021-2027 współfinansowanego ze środków Europejskiego Funduszu Społecznego Plus, umowa nr FERS.01.05-IP.08-0520/23-00</em></p>



<p class="gtfy-6 wp-block-paragraph"><strong>TYTUŁ PROJEKTU</strong><br>„KompendiUM &#8211; wysokospecjalistyczny program rozwoju kompetencji osób dorosłych w obszarach strategicznych”<br><br><strong>DANE PROJEKTU</strong><br>Numer umowy: FERS.01.05-IP.08-0520/23-00<br>Okres realizacji: 2024-09-01 &#8211; 2027-08-31<br>Wartość projektu: 4 717 798,27<br>Wartość dofinansowania: 4 576 258,27 zł<br><br></p>



<p class="gtfy-7 wp-block-paragraph"><strong>CEL GŁÓWNY</strong><br>Celem głównym Projektu podniesienie kompetencji w obszarach kluczowych dla 1000 osób przez realizację wysokospecjalistycznych szkoleń.<br></p>



<p class="gtfy-8 wp-block-paragraph"><strong>OPIS PROJEKTU</strong><br>Beneficjent – Uniwersytet Medyczny w Łodzi, ul. Aleja T. Kościuszki 4, 90-417 Łódź;<br>Partnerzy Projektu:<br>Partner nr 1. Wojewódzki Urząd Pracy w Łodzi, ul. Wólczańska 49, 90-608 Łódź,<br><strong>Partner nr 2. Krajowa Izba Diagnostów Laboratoryjnych, ul. Konopacka 4, 03-428 Warszawa,</strong><br>Partner 3. Regionalna Izba Gospodarcza w Bełchatowie, ul. Kościuszki 15, 97-400 Bełchatów,<br>Partner 4. Falck Medycyna Sp. z o. o. (w Konsorcjum z INDORO), ul. Jana Olbrachta 94, 01-102 Warszawa,<br>Partner 5. Związek Pracodawców Firm Innowacyjnych, doradczych i rozwojowych „INDORO” (w Konsorcjum z Falck Medycyna Sp. z o. o.) ul. Pańska 98/60, 00-837 Warszawa<br></p>



<p class="gtfy-9 wp-block-paragraph">Cele szczegółowe projektu:<br>1. podniesienie kompetencji personelu medycznego, kadry akademickiej, diagnostów labolatoryjnych, kadra zarządzająca jednostkami ochrony zdrowia oraz osoby zainteresowane udziałem w proj.<br>2. intensyfikacja współpracy wymiany doświadczeń między uczestnikami systemu ochrony zdrowia,<br>3. intensyfikacja współpracy z podmiotami zrzeszającymi pracodawców,<br>4. wzrost kompetencji uczestników projektu zgodnych z Euro. Standardów Kształcenia(WHO i ERC).<br></p>



<p class="gtfy-10 wp-block-paragraph">Wartość dodana:<br>Zostanie opracowany innowacyjny model szkolenia wzbogacający ofertę Uniwersytetu Medycznego w Łodzi dostosowany do potrzeb społeczno-gospodarczych przy udziale partnerów zrzeszających pracodawców i instytucji EU.<br></p>



<p class="gtfy-11 wp-block-paragraph"><strong>GRUPA DOCELOWA</strong><br>Uczestnikami mogą być osoby dorosłe, które w momencie przystąpienia do Projektu osiągnęły wiek 18-64 lata, niezależnie od płci, które z własnej inicjatywy zainteresowane sia rozwojem kompetencji, aby lepiej dostosować je do potrzeb i oczekiwań pracodawców i rynku pracy, spełniające jedne z warunków poniżej:<br>a) są pracownikami podmiotów leczniczych świadczących podstawową opiekę zdrowotną,<br>b) są personelem medyczny,<br>c) są kadrą akademicka,<br>d) są kadrą zarządzająca jednostkami ochrony zdrowia,<br>e) są zainteresowane udziałem w projekcie chcące przekwalifikować się, podnieść kwalifikacje, uzyskać lepsze efekty pracy z pacjentami i zaktualizować swoją wiedzę.<br></p>



<p class="gtfy-12 wp-block-paragraph"><strong>PLANOWANE SZKOLENIA Z PODZIAŁEM NA ORGANIZATORÓW</strong><br></p>



<ul class="wp-block-list gtfy-18">
<li class="gtfy-13 gutenify-list-item">Uniwersytet Medyczny w Łodzi<br>• ALS- Zaawansowane czynności resuscytacyjne dorosłych.<br>• EPALS &#8211; Zaawansowane czynności resuscytacyjne dzieci.<br>• NLS &#8211; Resuscytacja noworodków bezpośrednio po urodzeniu.<br>• ETC- kurs urazowy.<br>• ETC- kurs urazowy in-situ.<br>• Szkolenie z postępowania w stanach zagrożenia życia &#8211; zarządzanie w sytuacjach kryzysowych.<br>• Szkolenie z postępowania w stanach zagrożenia życia &#8211; zarządzanie w sytuacjach kryzysowych in-situ.<br>• Stany zagrożenia życia dla Zespołów Ratownictwa Medycznego.<br>• Stany zagrożenia życia w gabinecie stomatologicznym.<br>• Symulacja medyczna.<br>• Stany zagrożenia życia w gabinecie POZ, specjalistycznym i prywatnym.<br>• Analiza i wizualizacja danych medycznych.<br>• Kurs specjalizacyjny trener e-rehabilitacji wirtualnej/telerehabilitacji.<br>• Podstawy metodyki nauczania w naukach biomedycznych.<br>• Podstawy metodyki nauczania w naukach biomedycznych &#8211; Master Class.<br></li>



<li class="gtfy-14 gutenify-list-item">Krajowa Izba Diagnostów Laboratoryjnych<br>• Szkolenie z zakresu zasobów słownika LOINC &#8211; moduł zajęć teoretycznych.<br>• Szkolenie z zakresu zasobów słownika LOINC &#8211; moduł zajęć praktycznych.<br>• Szkolenie z zakresu zasobów słownika LOINC &#8211; moduł samodzielnej pracy na platformie.<br></li>



<li class="gtfy-15 gutenify-list-item">Falck Medycyna Sp. Z o. o.:<br>• Tamowanie krwotoków.<br>• Trudne drogi oddechowe.<br>• Bądź bezpieczny w czasie pokoju i zagrożenia.<br>• EKG w medycynie stanów nagłych.<br>• Kurs pierwszej pomocy.<br></li>



<li class="gtfy-16 gutenify-list-item">Związek Pracodawców Firm Innowacyjnych, doradczych i rozwojowych „INDORO”:<br>• Dostosowanie opieki placówki dla osób z niepełnosprawnościami.<br>• Opieka nad seniorami: aspekty medyczne i komunikacyjne.<br>• Efektywna komunikacja z pacjentami ze szczególnymi potrzebami.<br>• Zarządzanie dostępnością w placówkach ochrony zdrowia.<br></li>



<li class="gtfy-17 gutenify-list-item">Wojewódzki Urząd Pracy w Łodzi:<br>• Coaching Life Long Learning<br></li>
</ul>



<p class="gtfy-19 wp-block-paragraph"><strong>OSOBY REALIZUJĄCE PROJEKT</strong><br><br>&#8211; Kierownik Projektu: Jarosław Horodecki&nbsp;</p>



<p class="gtfy-20 wp-block-paragraph">Komitet Sterujący:<br>&#8211; Sponsor &#8211; mgr Małgorzata Politowska-Iwaszko<br>&#8211; Wizjoner Strategiczny &#8211; prof. dr hab. n.med. Jolanta Kujawa<br>&#8211; Główny Dostawca &#8211; prof. dr hab. n.farm. Ewa Balcerczak</p>
</div>



<p class="alignfull gtfy-25 wp-block-paragraph"></p>

<p>Projekt „KompendiUM” – wysokospecjalistyczny program rozwoju kompetencji osób dorosłych w obszarach strategicznych” w ramach programu [&hellip;]</p>
