{"id":129,"date":"2023-07-19T20:39:29","date_gmt":"2023-07-19T20:39:29","guid":{"rendered":"http:\/\/diagnoscilaboratoryjni.pl\/?page_id=129"},"modified":"2025-08-20T16:51:54","modified_gmt":"2025-08-20T14:51:54","slug":"porady-prawne","status":"publish","type":"page","link":"https:\/\/new.kidl.org.pl\/?page_id=129","title":{"rendered":"Porady prawne"},"content":{"rendered":"\n<p class=\"gtfy-1\">Porady prawne udzielane s\u0105 <strong>wy\u0142\u0105cznie Diagnostom Laboratoryjnym<\/strong> na zasadach i w zakresie okre\u015blonym zarz\u0105dzeniem Prezesa Krajowej Rady Diagnost\u00f3w Laboratoryjnych z dnia 9 czerwca 2021 roku w sprawie udzielania pomocy prawnej diagnostom laboratoryjnym. <\/p>\n\n\n\n<p class=\"gtfy-5\">Aby uzyska\u0107 porad\u0119 prawn\u0105, nale\u017cy przes\u0142a\u0107 wiadomo\u015b\u0107 e-mail na adres&nbsp;<strong>biuro@kidl.org.pl<\/strong>&nbsp;wed\u0142ug poni\u017cszego wzoru.<br><\/p>\n\n\n\n<p class=\"gtfy-9\"><strong>Tytu\u0142 wiadomo\u015bci e-mail:<\/strong>\u00a0Pro\u015bba o porad\u0119 prawn\u0105 &lt;imi\u0119 i nazwisko><\/p>\n\n\n\n<p class=\"gtfy-13\"><br><em>W tre\u015bci wiadomo\u015bci nale\u017cy zawrze\u0107 poni\u017csze dane oraz tre\u015b\u0107 klauzul informacyjnych. Zalecamy skopiowanie poni\u017cszego wzoru:<\/em><\/p>\n\n\n\n<pre class=\"wp-block-code gtfy-17\"><code>Imi\u0119 i nazwisko:\n\nPWZDL:\n\nMiejsce zatrudnienia:&nbsp;\/nieobowi\u0105zkowe\/\n\nTre\u015b\u0107 wiadomo\u015bci: \/Opisa\u0107 mo\u017cliwe szczeg\u00f3\u0142owo opis problemu\/\n\n\n<em><strong>Klauzule informacyjne:<\/strong>\n\nAdministratorem danych jest Krajowa Izba Diagnost\u00f3w Laboratoryjnych. Dane przetwarzane s\u0105 na podstawie Rozporz\u0105dzenia Parlamentu Europejskiego i Rady (UE) 2016\/679 z dnia 27 kwietnia 2016 r. w sprawie ochrony os\u00f3b fizycznych w zwi\u0105zku z przetwarzaniem danych osobowych i w sprawie swobodnego przep\u0142ywu takich danych (og\u00f3lne rozporz\u0105dzenie o ochronie danych) oraz na podstawie Ustawy z dnia 15 wrze\u015bnia 2022 r. o medycynie laboratoryjnej.\n\nO\u015bwiadczam, \u017ce regularnie op\u0142acam sk\u0142adki cz\u0142onkowskie i nie zalegam z \u017cadnymi p\u0142atno\u015bciami na rzecz Krajowej Rady Diagnost\u00f3w Laboratoryjnych.\n\nO\u015bwiadczam, \u017ce zapozna\u0142am\/zapozna\u0142em si\u0119 i akceptuj\u0119 warunki udzielania pomocy prawnej przez Krajow\u0105 Izb\u0119 Diagnost\u00f3w Laboratoryjnych.<\/em><\/code><\/pre>\n\n\n\n<p class=\"gtfy-21\"><\/p>\n","protected":false},"excerpt":{"rendered":"<p>Porady prawne udzielane s\u0105 wy\u0142\u0105cznie Diagnostom Laboratoryjnym na zasadach i w zakresie okre\u015blonym zarz\u0105dzeniem Prezesa [&hellip;]<\/p>\n","protected":false},"author":1,"featured_media":0,"parent":0,"menu_order":0,"comment_status":"closed","ping_status":"closed","template":"","meta":{"footnotes":""},"class_list":["post-129","page","type-page","status-publish","hentry"],"_links":{"self":[{"href":"https:\/\/new.kidl.org.pl\/index.php?rest_route=\/wp\/v2\/pages\/129","targetHints":{"allow":["GET"]}}],"collection":[{"href":"https:\/\/new.kidl.org.pl\/index.php?rest_route=\/wp\/v2\/pages"}],"about":[{"href":"https:\/\/new.kidl.org.pl\/index.php?rest_route=\/wp\/v2\/types\/page"}],"author":[{"embeddable":true,"href":"https:\/\/new.kidl.org.pl\/index.php?rest_route=\/wp\/v2\/users\/1"}],"replies":[{"embeddable":true,"href":"https:\/\/new.kidl.org.pl\/index.php?rest_route=%2Fwp%2Fv2%2Fcomments&post=129"}],"version-history":[{"count":2,"href":"https:\/\/new.kidl.org.pl\/index.php?rest_route=\/wp\/v2\/pages\/129\/revisions"}],"predecessor-version":[{"id":654,"href":"https:\/\/new.kidl.org.pl\/index.php?rest_route=\/wp\/v2\/pages\/129\/revisions\/654"}],"wp:attachment":[{"href":"https:\/\/new.kidl.org.pl\/index.php?rest_route=%2Fwp%2Fv2%2Fmedia&parent=129"}],"curies":[{"name":"wp","href":"https:\/\/api.w.org\/{rel}","templated":true}]}}